{"id":1046,"date":"2026-07-21T12:11:37","date_gmt":"2026-07-21T10:11:37","guid":{"rendered":"https:\/\/austrofoma.at\/pro-tisk\/"},"modified":"2026-08-12T15:13:45","modified_gmt":"2026-08-12T13:13:45","slug":"pro-tisk","status":"publish","type":"page","link":"https:\/\/austrofoma.at\/cs\/pro-tisk\/","title":{"rendered":"Pro tisk"},"content":{"rendered":"\t\t<div data-elementor-type=\"wp-page\" data-elementor-id=\"1046\" class=\"elementor elementor-1046 elementor-702\" data-elementor-post-type=\"page\">\n\t\t\t\t<div class=\"elementor-element elementor-element-25fa173 e-flex e-con-boxed e-con e-parent\" data-id=\"25fa173\" data-element_type=\"container\" data-e-type=\"container\">\n\t\t\t\t\t<div class=\"e-con-inner\">\n\t\t\t\t<div class=\"elementor-element elementor-element-b5cf597 elementor-widget elementor-widget-text-editor\" data-id=\"b5cf597\" data-element_type=\"widget\" data-e-type=\"widget\" data-widget_type=\"text-editor.default\">\n\t\t\t\t\t\t\t\t\t<p>Historie veletrhu AUSTROFOMA<\/p>\n<p>AUSTROFOMA m\u00e1 sv\u016fj p\u016fvod v p\u0159edv\u00e1d\u011bn\u00ed stroj\u016f a za\u0159\u00edzen\u00ed v roce 1979 v G\u00f6llersdorfu. Tehdy bylo c\u00edlem uk\u00e1zat pracovn\u00ed stroje, zapojen\u00e9 do pracovn\u00edho \u0159et\u011bzce, v praktick\u00e9m nasazen\u00ed zainteresovan\u00e9mu odborn\u00e9mu publiku. Tuto akci iniciovala Prezidentsk\u00e1 konference zem\u011bd\u011blsk\u00fdch komor Rakouska (dnes LK Rakousko) a zem\u011bd\u011blsk\u00e9 komory Horn\u00edho Rakouska, Doln\u00edho Rakouska a \u0160t\u00fdrska spolu s jednotliv\u00fdmi z\u00e1stupci firem.<\/p>\n<p>Vzhledem k \u00fasp\u011bchu se shodli, \u017ee tento form\u00e1t bude nejprve pokra\u010dovat ve dvou- nebo t\u0159\u00edlet\u00e9m intervalu. V roce 1981 se v G\u00f6ss\/Leoben konala druh\u00e1 p\u0159edv\u00e1d\u011bc\u00ed akce stroj\u016f a za\u0159\u00edzen\u00ed, poprv\u00e9 pod zna\u010dkou AUSTROFOMA. Tehdy se po\u010d\u00edtalo zhruba 1 400 n\u00e1v\u0161t\u011bvn\u00edk\u016f a 25 vystavuj\u00edc\u00edch firem. Od roku 2003 se AUSTROFOMA kon\u00e1 ka\u017ed\u00e9 \u010dty\u0159i roky. Mezit\u00edm se z pouh\u00e9 akce pro navazov\u00e1n\u00ed obchodn\u00edch kontakt\u016f vyvinula nejv\u011bt\u0161\u00ed poradensk\u00e1 ud\u00e1lost zam\u011b\u0159en\u00e1 na \u0161etrnou t\u011b\u017ebu d\u0159eva. Dal\u0161\u00edm jedine\u010dn\u00fdm prvkem AUSTROFOMA je zam\u011b\u0159en\u00ed na hospoda\u0159en\u00ed v horsk\u00fdch les\u00edch.<\/p>\n<p>Naposledy byla za organizaci AUSTROFOMA na Stuhlecku zodpov\u011bdn\u00e1 LK Steiermark. Zhruba 170 vystavuj\u00edc\u00edch firem p\u0159il\u00e1kalo p\u0159ibli\u017en\u011b 21 000 n\u00e1v\u0161t\u011bvnic a n\u00e1v\u0161t\u011bvn\u00edk\u016f. Vedle \u0161v\u00e9dsk\u00e9 ELMIA WOOD nebo n\u011bmeck\u00e9ho veletrhu Interforst je tak st\u00e1lic\u00ed v evropsk\u00e9m lesnick\u00e9m kalend\u00e1\u0159i. AUSTROFOMA se v roce 2027 kon\u00e1 po patn\u00e1ct\u00e9. M\u00edstem kon\u00e1n\u00ed jsou lesy kl\u00e1\u0161tera Schl\u00e4gl na Hochfichtu na \u0160umav\u011b. V r\u00e1mci rotace ji organizuje Zem\u011bd\u011blsk\u00e1 komora Horn\u00edho Rakouska.<\/p>\t\t\t\t\t\t\t\t<\/div>\n\t\t\t\t\t<\/div>\n\t\t\t\t<\/div>\n\t\t\t\t<\/div>\n\t\t","protected":false},"excerpt":{"rendered":"<p>Historie veletrhu AUSTROFOMA AUSTROFOMA m\u00e1 sv\u016fj p\u016fvod v p\u0159edv\u00e1d\u011bn\u00ed stroj\u016f a za\u0159\u00edzen\u00ed v roce 1979 v G\u00f6llersdorfu. Tehdy bylo c\u00edlem uk\u00e1zat pracovn\u00ed stroje, zapojen\u00e9 do pracovn\u00edho \u0159et\u011bzce, v praktick\u00e9m nasazen\u00ed zainteresovan\u00e9mu odborn\u00e9mu publiku. Tuto akci iniciovala Prezidentsk\u00e1 konference zem\u011bd\u011blsk\u00fdch komor Rakouska (dnes LK Rakousko) a zem\u011bd\u011blsk\u00e9 komory Horn\u00edho Rakouska, Doln\u00edho Rakouska a \u0160t\u00fdrska spolu s [&hellip;]<\/p>\n","protected":false},"author":1,"featured_media":0,"parent":0,"menu_order":0,"comment_status":"closed","ping_status":"closed","template":"","meta":{"footnotes":""},"class_list":["post-1046","page","type-page","status-publish","hentry"],"_links":{"self":[{"href":"https:\/\/austrofoma.at\/cs\/wp-json\/wp\/v2\/pages\/1046","targetHints":{"allow":["GET"]}}],"collection":[{"href":"https:\/\/austrofoma.at\/cs\/wp-json\/wp\/v2\/pages"}],"about":[{"href":"https:\/\/austrofoma.at\/cs\/wp-json\/wp\/v2\/types\/page"}],"author":[{"embeddable":true,"href":"https:\/\/austrofoma.at\/cs\/wp-json\/wp\/v2\/users\/1"}],"replies":[{"embeddable":true,"href":"https:\/\/austrofoma.at\/cs\/wp-json\/wp\/v2\/comments?post=1046"}],"version-history":[{"count":1,"href":"https:\/\/austrofoma.at\/cs\/wp-json\/wp\/v2\/pages\/1046\/revisions"}],"predecessor-version":[{"id":1047,"href":"https:\/\/austrofoma.at\/cs\/wp-json\/wp\/v2\/pages\/1046\/revisions\/1047"}],"wp:attachment":[{"href":"https:\/\/austrofoma.at\/cs\/wp-json\/wp\/v2\/media?parent=1046"}],"curies":[{"name":"wp","href":"https:\/\/api.w.org\/{rel}","templated":true}]}}

<div data-elementor-type="wp-page" data-elementor-id="1046" class="elementor elementor-1046 elementor-702" data-elementor-post-type="page">
				<div class="elementor-element elementor-element-25fa173 e-flex e-con-boxed e-con e-parent" data-id="25fa173" data-element_type="container" data-e-type="container">
					<div class="e-con-inner">
				<div class="elementor-element elementor-element-b5cf597 elementor-widget elementor-widget-text-editor" data-id="b5cf597" data-element_type="widget" data-e-type="widget" data-widget_type="text-editor.default">
									<p>Historie veletrhu AUSTROFOMA</p>
<p>AUSTROFOMA má svůj původ v předvádění strojů a zařízení v roce 1979 v Göllersdorfu. Tehdy bylo cílem ukázat pracovní stroje, zapojené do pracovního řetězce, v praktickém nasazení zainteresovanému odbornému publiku. Tuto akci iniciovala Prezidentská konference zemědělských komor Rakouska (dnes LK Rakousko) a zemědělské komory Horního Rakouska, Dolního Rakouska a Štýrska spolu s jednotlivými zástupci firem.</p>
<p>Vzhledem k úspěchu se shodli, že tento formát bude nejprve pokračovat ve dvou- nebo tříletém intervalu. V roce 1981 se v Göss/Leoben konala druhá předváděcí akce strojů a zařízení, poprvé pod značkou AUSTROFOMA. Tehdy se počítalo zhruba 1 400 návštěvníků a 25 vystavujících firem. Od roku 2003 se AUSTROFOMA koná každé čtyři roky. Mezitím se z pouhé akce pro navazování obchodních kontaktů vyvinula největší poradenská událost zaměřená na šetrnou těžbu dřeva. Dalším jedinečným prvkem AUSTROFOMA je zaměření na hospodaření v horských lesích.</p>
<p>Naposledy byla za organizaci AUSTROFOMA na Stuhlecku zodpovědná LK Steiermark. Zhruba 170 vystavujících firem přilákalo přibližně 21 000 návštěvnic a návštěvníků. Vedle švédské ELMIA WOOD nebo německého veletrhu Interforst je tak stálicí v evropském lesnickém kalendáři. AUSTROFOMA se v roce 2027 koná po patnácté. Místem konání jsou lesy kláštera Schlägl na Hochfichtu na Šumavě. V rámci rotace ji organizuje Zemědělská komora Horního Rakouska.</p>								</div>
					</div>
				</div>
				</div>

<p>Historie veletrhu AUSTROFOMA AUSTROFOMA má svůj původ v předvádění strojů a zařízení v roce 1979 v Göllersdorfu. Tehdy bylo cílem ukázat pracovní stroje, zapojené do pracovního řetězce, v praktickém nasazení zainteresovanému odbornému publiku. Tuto akci iniciovala Prezidentská konference zemědělských komor Rakouska (dnes LK Rakousko) a zemědělské komory Horního Rakouska, Dolního Rakouska a Štýrska spolu s [&hellip;]</p>
